
-6
Let q(d) = -d**3 - 1 + d**2 - 4*d + 5*d + 0*d**2. What is q(-2)?
9
Let k(f) be the second derivative of -f**3/3 + f**2/2 - f. Let b(r) = r - 8. Suppose -8*l + 4*l = -24. Let n be b(l). Calculate k(n).
5
Let d = -12 - -13. Let u(n) = -8*n**3 + n**2 - n + 1. What is u(d)?
-7
Let p(s) = 3 + 14*s - 23*s - s**2 + 6*s. Calculate p(-3).
3
Let c(k) = -6*k + 2*k - 3 - k**2 + 3*k. Suppose -7*n = -2*n. Determine c(n).
-3
Let u(d) = 2*d**3 - d + 1. Let b be u(2). Suppose -12*t - 9 = -b*t. Let w(p) = 0 + 5 + 3*p**2 - 2*p - p**3 - 3. Calculate w(t).
-4
Let b(s) be the third derivative of -s**5/30 - s**4/24 - s**3/6 - 2*s**2. Let z(j) be the first derivative of b(j). Let i = 1 + -2. Give z(i).
3
Let y = 11 + -12. Let a(f) = -f + 1. Give a(y).
2
Suppose 3*b + 15 = 3*u, -b - u = 4*b + 1. Let s(o) = -o**2 + 3 + 0 - 3. Calculate s(b).
-1
Let u(a) = 3*a**3 + 7*a**2 + 3. Let o(h) = 2*h**3 + 7*h**2 - h + 2. Let n(k) = 4*o(k) - 3*u(k). Give n(6).
11
Let i be (-3)/(-2)*(-48)/(-18). Suppose 1 = -i*t + 17. Let g(y) = 4*y - 6. Determine g(t).
10
Suppose -3 = -x - 1, 4*j + 36 = 4*x. Let h be (-1)/(j/6)*-7. Let t be (h + 3)*(-2)/(-6). Let q(g) = -g - 1. Calculate q(t).
0
Let v(u) = -u**3 + 4*u**2 - 3*u - 4. Let z be v(3). Let a(h) = 5*h**2 - 8*h + 14. Let y(q) = -9*q**2 + 15*q - 26. Let k(m) = 11*a(m) + 6*y(m). Give k(z).
6
Let n(z) = 8*z**3 - 2*z + 1. Suppose -5*q + 13 = -47. Suppose 3*x + q = -x. Let w be 3 + x + 0 + 1. What is n(w)?
7
Let i(b) be the second derivative of -b**5/60 - 5*b**4/24 + b**3/6 - 7*b**2/2 - 8*b. Let u(t) be the first derivative of i(t). What is u(-6)?
-5
Let c(u) = 13*u**2 - 16*u - 9. Let h(j) = 4*j**2 - 5*j - 3. Let g(r) = -2*c(r) + 7*h(r). Suppose 3*n - 6 = -z, 0 = z + 4*z - 4*n - 11. Give g(z).
6
Let h(o) = -7*o - 10. Let m(j) = 11*j + 15. Let i(y) = -8*h(y) - 5*m(y). Let k be 4/(1*6/(-9)). Let u = -6 - k. Calculate i(u).
5
Let s(w) = w + 2. Suppose -4 - 1 = -y. Let q = -3 + y. Suppose 0 = -g + 6 - q. Calculate s(g).
6
Let f(v) = v**3 - 8*v**2 + 7*v + 1. Let d be f(7). Let x(n) be the second derivative of -1/6*n**3 + 2*n + 0 - 1/3*n**4 + 0*n**2. Calculate x(d).
-5
Let o(s) = s**2 + 10*s + 11. Suppose -57 = 6*u - 3. Give o(u).
2
Let t(u) = -u**2 - 4*u + 1. Let g be 3 + -3 - (3 + 0). Give t(g).
4
Let h(q) be the first derivative of -q**3/3 + 5*q**2/2 + 3*q - 2. Determine h(6).
-3
Let s(p) = -4*p**2 + 7*p - 17. Let y(b) = -b**2 + 2*b - 5. Let n(k) = 2*s(k) - 7*y(k). Calculate n(2).
-3
Let x be (-2)/2*(3 + -3 - -3). Let o(r) = -9*r - 1. Calculate o(x).
26
Let w(f) = -f + 5*f - 2*f**3 + 3*f**3 - 2 + 6*f**2 + 0*f. What is w(-5)?
3
Let d be 2 + 7 - (-3 - -3). Let h be (6/d)/((-1)/(-24)). Let u(v) = -12 - 5*v - v**2 + h + 3*v - v. Give u(-4).
0
Suppose 0 = 2*a + 636 - 646. Let v(m) be the second derivative of m**5/20 - 5*m**4/12 - m**2/2 + m. Give v(a).
-1
Suppose 5*p = p + 28. Let d(u) = 0 - u - p + 7. Calculate d(-1).
1
Suppose -2 = 2*r - 8. Let v(m) = 1 + 6*m - 2*m - r*m + 2. Give v(0).
3
Let l be (-4)/(-60)*6*10. Let w(v) = v**2 - 6*v - 1. Calculate w(l).
-9
Suppose 8 + 0 = 5*y + c, -12 = -4*c. Let d(m) be the second derivative of -3*m**5/20 - m**3/6 + m**2/2 - 2*m. Give d(y).
-3
Let g(m) = -7*m + 17. Let r(o) = 11*o - 26. Let v(a) = 8*g(a) + 5*r(a). Let t = 682 + -678. Calculate v(t).
2
Let s(u) = 15 - 10 - u + 0 + 2. Give s(3).
4
Suppose -2*b - 3 = b. Let h(x) = -3*x**2 - x - 1. Give h(b).
-3
Let l(y) = -y**2 - y + 3. Let q(j) = 9*j. Let z be q(3). Suppose 5*c = -z - 8. Let m be (-3)/(-6) - c/(-2). Give l(m).
-3
Let x(k) = k**2 - 2*k - 1. Let d be (-1 + 9)*((-12)/(-8) - 1). What is x(d)?
7
Let s(c) = 2*c + 5. Suppose -2*z + 2*b = 14, -b + 29 = -2*z + 4*b. Let a(k) be the first derivative of k**4/4 - k**2/2 + k + 14. Let o be a(z). Calculate s(o).
-5
Let k(z) = 2 + 0 + 2 + z. Suppose 48 = -14*o - 36. Calculate k(o).
-2
Let g(d) = -3*d**2 + 2. Suppose 3*k - 7 = -1. What is g(k)?
-10
Let m(u) = 2*u + 7. Let z = 12 + -8. Suppose -l - 5 + 24 = -z*b, 2*b - 3*l + 7 = 0. Give m(b).
-3
Let s(k) = -k**3 + 6*k**2 + 7*k + 2. Let m be s(7). Let y(h) be the third derivative of -h**6/60 + h**5/20 - h**4/12 + h**3/6 - 2*h**2. Determine y(m).
-7
Let p(v) be the first derivative of -1/4*v**4 - 1/3*v**3 + 4 - 1/2*v**2 - v. Let k(j) = j + 3. Let z be k(-5). Determine p(z).
5
Let b(x) be the first derivative of -x**2 + 3*x - 5. What is b(4)?
-5
Let m(r) = -4*r - 2*r - r + 5*r. Determine m(3).
-6
Let q(z) = z + 6. Let p(x) = x**3 - x**2 + 5. Let k be p(0). Suppose k*u - 8*u - 15 = 0. Determine q(u).
1
Let b(p) = -2*p + 1. Let t be 18/2*2/(-2). Let r = -12 - t. Calculate b(r).
7
Let d(t) = t**2 - 6*t + 4. Suppose 20 = 11*c - 6*c. Let m be d(c). Let s(p) = p**3 + 3*p**2 - 2*p + 1. Determine s(m).
-7
Let i(h) = h**3 - 4*h**2 - 2*h + 12. Let l be i(4). Let z(y) = -y**2 + 4*y + 2. Give z(l).
2
Let m(h) = h**3 - 5*h**2 + 3*h. Let y(f) = -2*f + 9*f - 25*f**2 + 9*f + 6*f**3. Let s(w) = 11*m(w) - 2*y(w). Let a = 94 - 99. Determine s(a).
-5
Suppose 2*i + 2*u + 4 = 2, -5*u - 23 = -4*i. Let y(d) = -i + 1 + 2*d + 2 + 3. Determine y(3).
10
Let u(p) = 2*p + 8. Let j be u(-6). Let g = 0 - j. Let r(t) = 0 - t**2 - 1 + t + 5*t. Determine r(g).
7
Let l(o) = -6*o - 9. Let k(q) = 38*q + 27. Let i(g) = -13*g - 9. Let r(n) = 17*i(n) + 6*k(n). Let c(d) = -3*l(d) - 2*r(d). Calculate c(-6).
-15
Let u(b) be the second derivative of b**3/6 - 9*b**2/2 + 7*b - 4. Determine u(12).
3
Let x(o) = o**3 + 11*o**2 + 11*o + 12. Let v be x(-10). Suppose -v*a + 8 = 4*b, 0 = b + 4*b - 5*a - 10. Let z(i) = 2*i**2 - 2*i - 1. What is z(b)?
3
Let d(u) = u**3 - 4*u**2 - 7*u + 1. Let w(v) = -v**3 + 0 + 8*v - 1 + 0*v**3 + 5*v**2. Let i(a) = 7*d(a) + 6*w(a). Calculate i(-2).
3
Let j(o) = -o + 9. Let u be j(5). Let v(l) be the third derivative of l**4/8 - 5*l**3/6 - 172*l**2. Give v(u).
7
Let z(c) = c**3 + 8*c**2 + c + 9. Let a be z(-8). Let q be a + (-2 - 15) + 1. Let b be (-81)/q - (-4)/(-10). Let d(v) = v + 2. Give d(b).
7
Let s be 1 + (4 - -1) - 4. Let m(t) be the first derivative of 1/4*t**4 - 2 + 0*t**3 + t**s - t. What is m(1)?
2
Let i(c) be the second derivative of -c**3/6 + 3*c**2 - 20*c. Suppose -20 + 2 = -3*u. What is i(u)?
0
Suppose 0 = -a + 6*a + 25. Let p(t) = -t**2 - 6*t - 1. What is p(a)?
4
Let o(f) be the first derivative of 2*f**3/3 - f**2/2 - f + 19. What is o(2)?
5
Let q(p) = -5*p**2 - 5*p - 1. Let i(z) = -10*z**2 - 11*z - 2. Let v(g) = -3*i(g) + 7*q(g). Let l = 3 - 2. Let h = -2 + l. Determine v(h).
-4
Let t(y) = -y - 4. Suppose 24 = x - 5*x. Let m be t(x). Let o(d) = -4*d**3 - 8*d**2 - d + 1. Let j(i) = i**3 + i**2. Let u(v) = 6*j(v) + o(v). Determine u(m).
7
Let l(g) be the first derivative of g**2 - 9*g - 26. What is l(7)?
5
Let w(l) be the third derivative of l**4/12 + l**3/6 - 14*l**2. Give w(-2).
-3
Let z(u) = -u**3 + u**2 + u + 8. Let j = 5 - 3. Suppose 4*l = j*l. Give z(l).
8
Let x = 66 - 64. Let k(t) = t**2 - t. Determine k(x).
2
Let k(h) be the second derivative of -h**4/12 + 11*h**2/2 + 2*h. Calculate k(0).
11
Let y(q) = q**3 - 1. Let b(j) = 2*j + 5 - 6*j**2 + 4*j**3 - 3*j - 12. Let d(z) = b(z) - 5*y(z). Let m = -12 - -6. What is d(m)?
4
Let p(m) = m**2 + 6*m - 6. Suppose 5*l + 17 = -2*q - 0*q, 3*l = 3*q + 15. Calculate p(q).
-6
Let o(j) = -j**2 - 3*j - 3. Let p be o(-2). Let x(m) = -14*m + 1. Let k be x(-2). Let n(l) = 2 + 25*l - 2 - k*l. What is n(p)?
4
Let n(q) = 4*q + 2. Let p be n(6). Let r(x) = -x**3 + 5 + p*x**2 - 11*x**2 - 10*x**2. Let f = -6 - -11. What is r(f)?
5
Let s(a) be the second derivative of 1/12*a**4 + 0*a**2 + 0 + 4*a + 2/3*a**3. Give s(-4).
0
Let b(c) = -2*c + 4*c**2 - 2*c**2 - 9*c**2 + 0*c**2 - 1. Determine b(-1).
-6
Let w(x) = 3*x**2 - x - 4. Let v(f) = -5*f**2 + 3*f + 7. Let r(l) = 4*v(l) + 7*w(l). Let q be r(-5). Let d(h) = -h**2 + 7. Calculate d(q).
7
Suppose b + b = -3*s - 12, -3*s = b + 15. Let r(g) = g**3 + 7*g**2 + 7*g + 4. Determine r(s).
-2
Let r(z) = 3*z**2 - 5*z - 5. Let d be r(5). Let k be 18/10 - (-9)/d. Suppose n = 2*j + 6, 0*n + k*n - 2 = -j. Let l(g) = -g + 1. What is l(n)?
-1
Let a = -1 + -1. Let p(x) = x + 2. Let y be p(-5). Let d be (a - y)*-3*1. Let t(u) = u**3 + u**2 - 4*u. Calculate t(d).
-6
Suppose -5*x - z = 4 + 7, 2*x - 5*z = 1. Let t(r) be the second derivative of 0 - r**2 + 1/6*r**3 - r. What is t(x)?
-4
Let s(c) = c**2 + 17*c